{"id":1718,"date":"2026-02-15T22:22:43","date_gmt":"2026-02-15T22:22:43","guid":{"rendered":"https:\/\/blog.azumirh.com.br\/home\/"},"modified":"2026-02-25T00:07:38","modified_gmt":"2026-02-25T00:07:38","slug":"home","status":"publish","type":"page","link":"https:\/\/blog.azumirh.com.br\/","title":{"rendered":"Home"},"content":{"rendered":"\n<div class=\"wp-block-uagb-container uagb-block-6c959d0c alignfull uagb-is-root-container\"><div class=\"uagb-container-inner-blocks-wrap\">\n<div class=\"wp-block-uagb-container uagb-block-b8120650\">\n<div class=\"wp-block-uagb-info-box uagb-block-c9855d8e uagb-infobox__content-wrap  uagb-infobox-icon-above-title uagb-infobox-image-valign-top wp-block-uagb-info-box--has-margin\"><div class=\"uagb-infobox-margin-wrapper\"><div class=\"uagb-ifb-content\"><div class=\"uagb-ifb-title-wrap\"><h2 class=\"uagb-ifb-title\">Conte\u00fado para quem leva gest\u00e3o de pessoas a s\u00e9rio<\/h2><\/div><div class=\"uagb-ifb-desc\">\n<p>Artigos, an\u00e1lises e pr\u00e1ticas sobre recrutamento, estrutura\u00e7\u00e3o de RH e gest\u00e3o de desempenho<\/p>\n<\/div><\/div><\/div><\/div>\n\n\n<\/div>\n<\/div><\/div>\n\n\n\n<div class=\"wp-block-uagb-container uagb-block-3c2b710f alignfull uagb-is-root-container\"><div class=\"uagb-container-inner-blocks-wrap\">\n<div class=\"wp-block-uagb-advanced-heading uagb-block-48c2f920\"><h2 class=\"uagb-heading-text\">Posts Recentes<\/h2><\/div>\n\n\n\n\t\t\t<div class=\"wp-block-uagb-post-grid uagb-post-grid  uagb-post__image-position-top uagb-post__image-enabled uagb-block-f59c426d     uagb-post__items uagb-post__columns-3 is-grid uagb-post__columns-tablet-2 uagb-post__columns-mobile-1 uagb-post__equal-height\" data-total=\"2\" style=\"\">\n\n\t\t\t\t\t\t\t\t\t\t\t\t<article class=\"uagb-post__inner-wrap\">\t\t\t\t\t\t\t\t<div class='uagb-post__image'>\n\t\t\t\t\t\t\t\t\t<a href=\"https:\/\/blog.azumirh.com.br\/?p=2369\" target=\"_self\" rel=\"bookmark noopener noreferrer\" class='uagb-image-ratio-2-3'><img loading=\"lazy\" decoding=\"async\" width=\"1024\" height=\"576\" src=\"https:\/\/blog.azumirh.com.br\/wp-content\/uploads\/2026\/04\/hero-azumi.jpg-1024x576.png\" class=\"attachment-large size-large\" alt=\"\" srcset=\"https:\/\/blog.azumirh.com.br\/wp-content\/uploads\/2026\/04\/hero-azumi.jpg-1024x576.png 1024w, https:\/\/blog.azumirh.com.br\/wp-content\/uploads\/2026\/04\/hero-azumi.jpg-300x169.png 300w, https:\/\/blog.azumirh.com.br\/wp-content\/uploads\/2026\/04\/hero-azumi.jpg-768x432.png 768w, https:\/\/blog.azumirh.com.br\/wp-content\/uploads\/2026\/04\/hero-azumi.jpg-1536x864.png 1536w, https:\/\/blog.azumirh.com.br\/wp-content\/uploads\/2026\/04\/hero-azumi.jpg.png 1920w\" sizes=\"auto, (max-width: 1024px) 100vw, 1024px\" \/>\t\t\t\t\t<\/a>\n\t\t\t\t\t\t\t<\/div>\n\t\t\t\t\t\t<h4 class=\"uagb-post__title uagb-post__text\">\n\t\t\t\t<a href=\"https:\/\/blog.azumirh.com.br\/?p=2369\" target=\"_self\" rel=\"bookmark noopener noreferrer\">Seu funcion\u00e1rio est\u00e1 adoecendo e voc\u00ea n\u00e3o vai saber at\u00e9 ser tarde demais<\/a>\n\t\t\t<\/h4>\n\t\t\t\t\t\t<div class='uagb-post__text uagb-post-grid-byline'>\n\t\t\t\t\t\t\t\t<span class=\"uagb-post__author\">\n\t\t\t\t\t\t\t\t\t<a href=\"https:\/\/blog.azumirh.com.br\/author\/patriciaazumigmail-com\" title=\"Posts de #teamazumi\" rel=\"author\">#teamazumi<\/a>\t\t\t\t<\/span>\n\t\t\t\t\t\t\t<time datetime=\"2026-04-13T21:46:16+00:00\" class=\"uagb-post__date\">\n\t\t\t\t\t\t\t\t\t13\/04\/2026\t\t\t\t<\/time>\n\t\t\t\t\t\t<\/div>\n\t\t\t\t\t\t\t<div class='uagb-post__text uagb-post__excerpt'>\n\t\t\t\t\t<p>A maioria dos afastamentos por transtornos mentais n\u00e3o come\u00e7a com um colapso. Come\u00e7a com sinais&#8230;\t\t\t\t<\/div>\n\t\t\t\t\t\t<div class=\"uagb-post__text uagb-post__cta wp-block-button\">\n\t\t\t\t<a class=\"wp-block-button__link uagb-text-link\" style=\"\" href=\"https:\/\/blog.azumirh.com.br\/?p=2369\" target=\"_self\" rel=\"bookmark noopener noreferrer\">Ler mais<\/a>\n\t\t\t<\/div>\n\t\t\t\n\t\t\t\t\t\t\t\t\t<\/article>\n\t\t\t\t\t\t\t\t\t\t\t\t\t\t\t\t<article class=\"uagb-post__inner-wrap\">\t\t\t\t\t\t\t\t<div class='uagb-post__image'>\n\t\t\t\t\t\t\t\t\t<a href=\"https:\/\/blog.azumirh.com.br\/?p=2359\" target=\"_self\" rel=\"bookmark noopener noreferrer\" class='uagb-image-ratio-2-3'><img loading=\"lazy\" decoding=\"async\" width=\"1024\" height=\"576\" src=\"https:\/\/blog.azumirh.com.br\/wp-content\/uploads\/2026\/02\/CAPAS-POST-BLOG-1024x576.png\" class=\"attachment-large size-large\" alt=\"\" srcset=\"https:\/\/blog.azumirh.com.br\/wp-content\/uploads\/2026\/02\/CAPAS-POST-BLOG-1024x576.png 1024w, https:\/\/blog.azumirh.com.br\/wp-content\/uploads\/2026\/02\/CAPAS-POST-BLOG-300x169.png 300w, https:\/\/blog.azumirh.com.br\/wp-content\/uploads\/2026\/02\/CAPAS-POST-BLOG-768x432.png 768w, https:\/\/blog.azumirh.com.br\/wp-content\/uploads\/2026\/02\/CAPAS-POST-BLOG-1536x864.png 1536w, https:\/\/blog.azumirh.com.br\/wp-content\/uploads\/2026\/02\/CAPAS-POST-BLOG.png 1920w\" sizes=\"auto, (max-width: 1024px) 100vw, 1024px\" \/>\t\t\t\t\t<\/a>\n\t\t\t\t\t\t\t<\/div>\n\t\t\t\t\t\t<h4 class=\"uagb-post__title uagb-post__text\">\n\t\t\t\t<a href=\"https:\/\/blog.azumirh.com.br\/?p=2359\" target=\"_self\" rel=\"bookmark noopener noreferrer\">NR-1 atualizada: como sua empresa deve gerenciar riscos psicossociais a partir de maio de 2026<\/a>\n\t\t\t<\/h4>\n\t\t\t\t\t\t<div class='uagb-post__text uagb-post-grid-byline'>\n\t\t\t\t\t\t\t\t<span class=\"uagb-post__author\">\n\t\t\t\t\t\t\t\t\t<a href=\"https:\/\/blog.azumirh.com.br\/author\/patriciaazumigmail-com\" title=\"Posts de #teamazumi\" rel=\"author\">#teamazumi<\/a>\t\t\t\t<\/span>\n\t\t\t\t\t\t\t<time datetime=\"2026-02-23T00:06:11+00:00\" class=\"uagb-post__date\">\n\t\t\t\t\t\t\t\t\t23\/02\/2026\t\t\t\t<\/time>\n\t\t\t\t\t\t<\/div>\n\t\t\t\t\t\t\t<div class='uagb-post__text uagb-post__excerpt'>\n\t\t\t\t\t<p>A partir de 26 de maio de 2026, sa\u00fade mental deixa de ser &#8220;tema de&#8230;\t\t\t\t<\/div>\n\t\t\t\t\t\t<div class=\"uagb-post__text uagb-post__cta wp-block-button\">\n\t\t\t\t<a class=\"wp-block-button__link uagb-text-link\" style=\"\" href=\"https:\/\/blog.azumirh.com.br\/?p=2359\" target=\"_self\" rel=\"bookmark noopener noreferrer\">Ler mais<\/a>\n\t\t\t<\/div>\n\t\t\t\n\t\t\t\t\t\t\t\t\t<\/article>\n\t\t\t\t\t\t\t\t\t\t\t\t\t\t\t\t<article class=\"uagb-post__inner-wrap\">\t\t\t\t\t\t\t\t<div class='uagb-post__image'>\n\t\t\t\t\t\t\t\t\t<a href=\"https:\/\/blog.azumirh.com.br\/?p=2322\" target=\"_self\" rel=\"bookmark noopener noreferrer\" class='uagb-image-ratio-2-3'><img loading=\"lazy\" decoding=\"async\" width=\"1024\" height=\"576\" src=\"https:\/\/blog.azumirh.com.br\/wp-content\/uploads\/2026\/02\/hero-home.jpg-1024x576.jpg\" class=\"attachment-large size-large\" alt=\"\" srcset=\"https:\/\/blog.azumirh.com.br\/wp-content\/uploads\/2026\/02\/hero-home.jpg-1024x576.jpg 1024w, https:\/\/blog.azumirh.com.br\/wp-content\/uploads\/2026\/02\/hero-home.jpg-300x169.jpg 300w, https:\/\/blog.azumirh.com.br\/wp-content\/uploads\/2026\/02\/hero-home.jpg-768x432.jpg 768w, https:\/\/blog.azumirh.com.br\/wp-content\/uploads\/2026\/02\/hero-home.jpg-1536x864.jpg 1536w, https:\/\/blog.azumirh.com.br\/wp-content\/uploads\/2026\/02\/hero-home.jpg.jpg 1920w\" sizes=\"auto, (max-width: 1024px) 100vw, 1024px\" \/>\t\t\t\t\t<\/a>\n\t\t\t\t\t\t\t<\/div>\n\t\t\t\t\t\t<h4 class=\"uagb-post__title uagb-post__text\">\n\t\t\t\t<a href=\"https:\/\/blog.azumirh.com.br\/?p=2322\" target=\"_self\" rel=\"bookmark noopener noreferrer\">RH como parceiro estrat\u00e9gico: o que muda na pr\u00e1tica<\/a>\n\t\t\t<\/h4>\n\t\t\t\t\t\t<div class='uagb-post__text uagb-post-grid-byline'>\n\t\t\t\t\t\t\t\t<span class=\"uagb-post__author\">\n\t\t\t\t\t\t\t\t\t<a href=\"https:\/\/blog.azumirh.com.br\/author\/patriciaazumigmail-com\" title=\"Posts de #teamazumi\" rel=\"author\">#teamazumi<\/a>\t\t\t\t<\/span>\n\t\t\t\t\t\t\t<time datetime=\"2026-02-16T00:01:18+00:00\" class=\"uagb-post__date\">\n\t\t\t\t\t\t\t\t\t16\/02\/2026\t\t\t\t<\/time>\n\t\t\t\t\t\t<\/div>\n\t\t\t\t\t\t\t<div class='uagb-post__text uagb-post__excerpt'>\n\t\t\t\t\t<p>A maioria das empresas ainda trata o RH como \u00e1rea de suporte. Algu\u00e9m para contratar,&#8230;\t\t\t\t<\/div>\n\t\t\t\t\t\t<div class=\"uagb-post__text uagb-post__cta wp-block-button\">\n\t\t\t\t<a class=\"wp-block-button__link uagb-text-link\" style=\"\" href=\"https:\/\/blog.azumirh.com.br\/?p=2322\" target=\"_self\" rel=\"bookmark noopener noreferrer\">Ler mais<\/a>\n\t\t\t<\/div>\n\t\t\t\n\t\t\t\t\t\t\t\t\t<\/article>\n\t\t\t\t\t\t\t\t\t\t\t<\/div>\n\t\t\t<\/div><\/div>\n\n\n\n<div class=\"wp-block-uagb-container uagb-block-823ec0b8 alignfull uagb-is-root-container\"><div class=\"uagb-container-inner-blocks-wrap\">\n<div class=\"wp-block-uagb-container uagb-block-abd1e4ab\">\n<div class=\"wp-block-uagb-advanced-heading uagb-block-7eb2a74c\"><h3 class=\"uagb-heading-text\">Inscreva-se para receber conte\u00fados da Azumi<\/h3><p class=\"uagb-desc-text\">Conte\u00fado direto, sem enrola\u00e7\u00e3o. Toda semana no seu e-mail.<\/p><\/div>\n\n\n\n<div class=\"wp-block-uagb-forms uagb-forms__outer-wrap uagb-block-d276cdda uagb-forms__medium-btn uagb-forms-inline-field uagb-forms-button-desk-width-33  uagb-forms-button-mobile-width-100 uagb-forms-column-gap-5\"><form class=\"uagb-forms-main-form\" method=\"post\" autocomplete=\"on\" name=\"uagb-form-d276cdda\">\n<div class=\"wp-block-uagb-forms-email uagb-forms-email-wrap uagb-forms-field-set uagb-block-256e3189 uagb-forms-field-desk-width-60 uagb-forms-field-tablet-width-60 uagb-forms-field-mobile-width-100\"><div class=\"uagb-forms-email-label  uagb-forms-input-label\" id=\"256e3189\">Email<\/div><input type=\"email\" class=\"uagb-forms-email-input uagb-forms-input\" placeholder=\"Email address\" name=\"256e3189\" autocomplete=\"email\"\/><\/div>\n<div class=\"uagb-forms-form-hidden-data\"><input type=\"hidden\" class=\"uagb_forms_form_label\" value=\"Spectra Form\"\/><input type=\"hidden\" class=\"uagb_forms_form_id\" value=\"uagb-form-d276cdda\"\/><\/div><div class=\"uagb-form-reacaptcha-error-d276cdda\"><\/div><div class=\"uagb-forms-main-submit-button-wrap wp-block-button\"><button class=\"uagb-forms-main-submit-button ast-outline-button\" style=\"border-width:revert-layer\"><div class=\"uagb-forms-main-submit-button-text\">Quero receber<\/div><\/button><\/div><\/form><div class=\"uagb-forms-success-message-d276cdda uagb-forms-submit-message-hide\"><span>Inscrito com sucesso!<\/span><\/div><div class=\"uagb-forms-failed-message-d276cdda uagb-forms-submit-message-hide\"><span>There has been some error while submitting the form. Please verify all form fields again.<\/span><\/div><\/div>\n<\/div>\n<\/div><\/div>\n\n\n\n<p><\/p>\n","protected":false},"excerpt":{"rendered":"<p>Posts Recentes Inscreva-se para receber conte\u00fados da Azumi Conte\u00fado direto, sem enrola\u00e7\u00e3o. Toda semana no seu e-mail.<\/p>\n","protected":false},"author":1,"featured_media":2272,"parent":0,"menu_order":0,"comment_status":"closed","ping_status":"closed","template":"","meta":{"_uag_custom_page_level_css":"","site-sidebar-layout":"no-sidebar","site-content-layout":"plain-container","ast-site-content-layout":"normal-width-container","site-content-style":"unboxed","site-sidebar-style":"unboxed","ast-global-header-display":"","ast-banner-title-visibility":"","ast-main-header-display":"","ast-hfb-above-header-display":"","ast-hfb-below-header-display":"","ast-hfb-mobile-header-display":"","site-post-title":"disabled","ast-breadcrumbs-content":"","ast-featured-img":"disabled","footer-sml-layout":"","ast-disable-related-posts":"","theme-transparent-header-meta":"default","adv-header-id-meta":"","stick-header-meta":"","header-above-stick-meta":"","header-main-stick-meta":"","header-below-stick-meta":"","astra-migrate-meta-layouts":"set","ast-page-background-enabled":"default","ast-page-background-meta":{"desktop":{"background-color":"","background-image":"","background-repeat":"repeat","background-position":"center center","background-size":"auto","background-attachment":"scroll","background-type":"","background-media":"","overlay-type":"","overlay-color":"","overlay-opacity":"","overlay-gradient":""},"tablet":{"background-color":"","background-image":"","background-repeat":"repeat","background-position":"center center","background-size":"auto","background-attachment":"scroll","background-type":"","background-media":"","overlay-type":"","overlay-color":"","overlay-opacity":"","overlay-gradient":""},"mobile":{"background-color":"","background-image":"","background-repeat":"repeat","background-position":"center center","background-size":"auto","background-attachment":"scroll","background-type":"","background-media":"","overlay-type":"","overlay-color":"","overlay-opacity":"","overlay-gradient":""}},"ast-content-background-meta":{"desktop":{"background-color":"var(--ast-global-color-5)","background-image":"","background-repeat":"repeat","background-position":"center center","background-size":"auto","background-attachment":"scroll","background-type":"","background-media":"","overlay-type":"","overlay-color":"","overlay-opacity":"","overlay-gradient":""},"tablet":{"background-color":"var(--ast-global-color-5)","background-image":"","background-repeat":"repeat","background-position":"center center","background-size":"auto","background-attachment":"scroll","background-type":"","background-media":"","overlay-type":"","overlay-color":"","overlay-opacity":"","overlay-gradient":""},"mobile":{"background-color":"var(--ast-global-color-5)","background-image":"","background-repeat":"repeat","background-position":"center center","background-size":"auto","background-attachment":"scroll","background-type":"","background-media":"","overlay-type":"","overlay-color":"","overlay-opacity":"","overlay-gradient":""}},"footnotes":""},"class_list":["post-1718","page","type-page","status-publish","has-post-thumbnail","hentry"],"_hostinger_reach_plugin_has_subscription_block":false,"_hostinger_reach_plugin_is_elementor":false,"uagb_featured_image_src":{"full":["https:\/\/blog.azumirh.com.br\/wp-content\/uploads\/2026\/02\/logo-azumi-letra-azul.png",1361,558,false],"thumbnail":["https:\/\/blog.azumirh.com.br\/wp-content\/uploads\/2026\/02\/logo-azumi-letra-azul-150x150.png",150,150,true],"medium":["https:\/\/blog.azumirh.com.br\/wp-content\/uploads\/2026\/02\/logo-azumi-letra-azul-300x123.png",300,123,true],"medium_large":["https:\/\/blog.azumirh.com.br\/wp-content\/uploads\/2026\/02\/logo-azumi-letra-azul-768x315.png",768,315,true],"large":["https:\/\/blog.azumirh.com.br\/wp-content\/uploads\/2026\/02\/logo-azumi-letra-azul-1024x420.png",1024,420,true],"1536x1536":["https:\/\/blog.azumirh.com.br\/wp-content\/uploads\/2026\/02\/logo-azumi-letra-azul.png",1361,558,false],"2048x2048":["https:\/\/blog.azumirh.com.br\/wp-content\/uploads\/2026\/02\/logo-azumi-letra-azul.png",1361,558,false]},"uagb_author_info":{"display_name":"#teamazumi","author_link":"https:\/\/blog.azumirh.com.br\/author\/patriciaazumigmail-com"},"uagb_comment_info":0,"uagb_excerpt":"Posts Recentes Inscreva-se para receber conte\u00fados da Azumi Conte\u00fado direto, sem enrola\u00e7\u00e3o. Toda semana no seu e-mail.","_links":{"self":[{"href":"https:\/\/blog.azumirh.com.br\/index.php?rest_route=\/wp\/v2\/pages\/1718","targetHints":{"allow":["GET"]}}],"collection":[{"href":"https:\/\/blog.azumirh.com.br\/index.php?rest_route=\/wp\/v2\/pages"}],"about":[{"href":"https:\/\/blog.azumirh.com.br\/index.php?rest_route=\/wp\/v2\/types\/page"}],"author":[{"embeddable":true,"href":"https:\/\/blog.azumirh.com.br\/index.php?rest_route=\/wp\/v2\/users\/1"}],"replies":[{"embeddable":true,"href":"https:\/\/blog.azumirh.com.br\/index.php?rest_route=%2Fwp%2Fv2%2Fcomments&post=1718"}],"version-history":[{"count":13,"href":"https:\/\/blog.azumirh.com.br\/index.php?rest_route=\/wp\/v2\/pages\/1718\/revisions"}],"predecessor-version":[{"id":2340,"href":"https:\/\/blog.azumirh.com.br\/index.php?rest_route=\/wp\/v2\/pages\/1718\/revisions\/2340"}],"wp:featuredmedia":[{"embeddable":true,"href":"https:\/\/blog.azumirh.com.br\/index.php?rest_route=\/wp\/v2\/media\/2272"}],"wp:attachment":[{"href":"https:\/\/blog.azumirh.com.br\/index.php?rest_route=%2Fwp%2Fv2%2Fmedia&parent=1718"}],"curies":[{"name":"wp","href":"https:\/\/api.w.org\/{rel}","templated":true}]}}